+ 8. Let m = j - 4. Let i(q) = 3*q + 3. Give i(m).
-3
Let t(p) be the first derivative of -p**5/120 - 4*p**3/3 - 2. Let o(j) be the third derivative of t(j). Give o(6).
-6
Let x(v) = 3*v**3 + 2*v**2 - 1. Let i(s) = -s**3 - 5*s**2 - 5*s - 2. Let w be i(-4). Suppose -k - 3*c - 5 = -2*c, 0 = k + w*c + 9. What is x(k)?
-2
Let y(h) = h + 12. Let p be 1 - 8 - (5 + -3). Let l be y(p). Let a(r) = -l + 7*r - 6*r + 5. Give a(-6).
-4
Suppose -4*j + 5*v + 24 = v, -2*v - 6 = 0. Let n(d) be the first derivative of d**3/3 - 3*d**2/2 - d + 1. Give n(j).
-1
Let k(a) = 7*a + 1. Let r(n) = -20*n - 3. Suppose f - x + 2*x = -5, 0 = f + 5*x + 9. Let u(q) = f*r(q) - 11*k(q). What is u(2)?
7
Let c(k) = -k**2 - 3*k - 3. Let g(n) = n**2 - 7*n - 6. Let t be g(8). Let m(d) = 3*d**2 + 7*d + 6. Let h(z) = t*m(z) + 5*c(z). Determine h(-3).
9
Let y(h) = -8*h. Let n = 14 - 15. Determine y(n).
8
Let k(u) = -19*u - 1. Let j be -1 + -2 - (-48)/12. Give k(j).
-20
Let p be (0/(-2))/((-1)/1). Suppose 5*x - 5 = 0, j - x = -0*j + 1. Suppose 3*o + 3*u = p, 4*o + j*u - 9 = -o. Let n(f) = -f**2 + 5*f. What is n(o)?
6
Let r(m) = 2*m**2 + 6*m + 1. Let y(h) = h**3 - 11*h**2 - 11*h - 7. Let j be y(12). Suppose -j = 4*v + 11. Calculate r(v).
9
Let t(a) = -10*a + 12. Let y(c) = -7*c + 8. Let j(r) = -5*t(r) + 7*y(r). What is j(6)?
2
Let r = -5 - -16. Let j(k) = 10*k + 13 - 2 - r*k - k**2. What is j(0)?
11
Let r(j) = -2*j**3 + 2*j**2 - j + 2. Let h(i) = 2*i**2 + 2*i + 1. Let q be h(-2). Let c be (-6)/(-5)*q/2. Let f = -1 + c. What is r(f)?
-8
Let g(b) = -b + 8. Let r be g(9). Let l(j) = 6*j**3 - j**2 - j. Give l(r).
-6
Let a(m) = 4*m - 2. Suppose 4*f + 4*d = -40, -f = -4*d - d - 20. What is a(f)?
-22
Let i(m) be the second derivative of m**4/4 - m**3/6 + 8*m. Give i(-1).
4
Let t(o) = o**2 + 0 + 1 - 3 + 5*o. Suppose 0 = 8*h - 4*h + 20. Determine t(h).
-2
Let v(p) = 2*p**3 - 3*p**2 + 2. Let d(j) = 2*j**2 - 4*j + 2. Let w be d(2). What is v(w)?
6
Let p(k) = 2*k**2 - 2*k**2 - 2*k**2 - 1. Let y(l) = -l**2 - 4*l - 6. Let f be y(-4). Let n(m) = -m**3 - 6*m**2 + m + 5. Let g be n(f). Give p(g).
-3
Let m(z) = 4*z**2 + 1. Let j be m(-1). Let r(u) = -j - u + 0 - 2*u + 4*u. What is r(-4)?
-9
Let n(h) be the second derivative of h**5/20 - 7*h**2/2 - h. Suppose 4*z - 5 + 1 = 4*u, -3*u = -4*z + 4. Calculate n(u).
-7
Let x(j) be the first derivative of j**6/120 + j**5/60 + j**4/24 - 7*j**2/2 + 1. Let y(l) be the second derivative of x(l). Give y(0).
0
Let b(s) be the second derivative of 0 + 1/2*s**3 + 1/12*s**4 + s - 3/2*s**2. Calculate b(2).
7
Let y(t) = t**2 + t - 2. Let k(z) = -z**3 - 2*z**2 + 2*z - 7. Let u be k(-3). Give y(u).
10
Let y(u) be the second derivative of -u**5/20 - u**4/12 + u**3/2 - 3*u**2/2 + 11*u. What is y(-3)?
6
Let v be 1*1/(-2)*0. Let m(h) = h**2 + h - 7. Give m(v).
-7
Let t(q) = q + 2 + 14*q**2 - 15*q**2 - 4 - 1. Give t(0).
-3
Let k(v) = 3*v**2 - v + 1. Let x(q) = q + 14. Let u be x(-13). Give k(u).
3
Let r = -2 - -4. Let j(o) = o**r - 2 - 2 - 1 - 6*o - 2*o**2. What is j(-4)?
3
Let u(x) = -x + 4. Let j be (-30)/12*-1*2. Suppose j*y - 14 = 3*w, 14 = -y + 4*y + w. Calculate u(y).
0
Let u be 1/(2 - (-9)/(-6)). Let p = u - 4. Let w(a) = 5*a + 1. Determine w(p).
-9
Let k = -10 + 15. Suppose b - 4 = -0*b. Let v(d) = -3*d**2 - 4 + 2*d**2 + 7 + b*d. Calculate v(k).
-2
Let h(v) = -9*v**3 - v**2 - v. Let f = -11 - -10. Determine h(f).
9
Let f(w) = -8*w - 1. Suppose 2*k - 6 = 8. Let j(s) = -15*s - 2. Let g(b) = k*f(b) - 4*j(b). Suppose -5*u = t + 27 - 6, 5*u = -20. Calculate g(t).
-3
Let v(h) = -5*h. Let q(f) = -f**3 - f**2 + f. Let b be q(-2). Let o = b - 3. Determine v(o).
5
Let t(v) be the first derivative of v**3/6 - v**2/2 - v - 1. Let f(h) be the first derivative of t(h). Let u = -9 + 5. Calculate f(u).
-5
Let d be 1/((-10)/4 - -3). Let p(s) = 0*s - s**3 + 5*s**3 - 3*s**3 - s + 3*s**d + 5. Determine p(-4).
-7
Let d(x) be the third derivative of -x**5/60 - x**4/12 - x**3/6 + 15*x**2. Give d(-2).
-1
Let y(o) be the second derivative of -2*o**4/3 - o**3/3 + o**2/2 - 21*o. Determine y(1).
-9
Let j = -2 - -7. Let o(z) = z - 6. What is o(j)?
-1
Let f(q) = -8*q**3 + 1 - 5*q**3 + 3*q - 2*q + q**2 + 0*q**2. What is f(-1)?
14
Let q be 3/(-6)*1*-4. Let s(h) = 13*h**2 + 0*h + 1 - 12*h**q - 3*h. What is s(3)?
1
Let y(v) = 4*v + 3. Let w be y(-2). Let x(m) be the second derivative of -m**4/12 - 2*m**3/3 + 7*m**2/2 - m. Calculate x(w).
2
Suppose 2*k + 4 = -0. Let t = 8 - 7. Let q(v) = -2*v**3 + 3*v**3 - 2*v**3 + t + 0*v**3 - 2*v**2. Give q(k).
1
Let i(s) = s**2 - s - 2. Let b be i(3). Let u(d) be the first derivative of -5/2*d**2 + 1/3*d**3 + 3 - d. What is u(b)?
-5
Let b(y) = 3*y**3 - 2*y**2 + 1. Let o be b(1). Suppose -o*t - 1 - 1 = -2*d, 5 = -t + 5*d. Let s(j) = 0*j - j + 2 + t. Determine s(0).
2
Let j(u) = u. Let a(q) = q**2 - 2*q. Let b(w) = a(w) - 4*j(w). Let l(n) = n**3 - 17*n**2 + n - 13. Let d be l(17). Give b(d).
-8
Let s(b) be the first derivative of b**2/2 + 2. Let x be 1 + 6 + 0 + -1. What is s(x)?
6
Let v(o) be the third derivative of o**6/120 - o**5/15 + o**4/24 + o**3/3 - 5*o**2. Let j(l) = -2 + l**2 - 3*l + 0 + 1. Let z be j(4). Give v(z).
-4
Let i(b) be the first derivative of 1/2*b**2 - 7 + 0*b. Give i(-4).
-4
Let l(v) be the third derivative of -v**6/120 + v**5/60 + v**3/6 + 3*v**2. Let n(c) = 4*c**3 - c**2 + 6*c - 10. Let x(i) = 5*l(i) + n(i). Determine x(5).
0
Let d(u) be the second derivative of u**3 + 19*u**2/2 - 3*u. Let s(p) = 4*p + 13. Let z(n) = -5*d(n) + 7*s(n). Calculate z(-4).
4
Let f(x) be the second derivative of x**3/6 - x**2/2 - 17*x. Give f(-2).
-3
Let t(y) be the second derivative of -y**8/6720 + y**7/840 + y**5/40 - y**4/6 - y. Let z(j) be the third derivative of t(j). Calculate z(3).
3
Let m(b) be the third derivative of -b**5/60 - b**4/24 - b**3/6 - 2*b**2. What is m(2)?
-7
Let w be (4/(-12))/(1/6). Let u = 1 - -1. Let o(s) = -2*s + 0 - 3 - u*s. Give o(w).
5
Let h(n) = -n**2 - 6*n - 4. Let i(k) = -2 - k**2 - 7 + 5 - k. Let x be i(0). Give h(x).
4
Let o(b) be the third derivative of b**6/120 + b**5/12 + b**4/12 - b**3/6 - 7*b**2. Give o(-4).
7
Suppose -4 = 2*k + 2*s + 4, 4 = -s. Let p(b) be the third derivative of 0*b + k + 1/6*b**4 + 2*b**2 - 1/60*b**5 + 1/6*b**3. Determine p(4).
1
Let n(o) = o**3 + 3*o**2 - 3*o. Suppose 3*p + 11 = k, -2*k + 3 = p + k. Give n(p).
9
Let u be (27/(-6))/(6/(-8)). Let o(a) = -a**3 + 7*a**2 - 7*a + 3. Calculate o(u).
-3
Let n(u) = -u**2 - 5*u + 6. Let q be n(-5). Let k(p) be the first derivative of -p**2/2 + 8*p - 1. Calculate k(q).
2
Let p(u) be the third derivative of -u**6/120 - u**5/15 + u**4/4 + 2*u**3/3 + 8*u**2. Determine p(-5).
-1
Let u(o) = -12*o - 1. Let m(y) = 5*y. Let w(v) = -5*m(v) - 2*u(v). Suppose -4*h - k - 4 = 0, -5*k + 10*k - 20 = 0. Let g be (h/4)/(1/(-4)). Determine w(g).
0
Let k(u) = 5*u**2 + 9*u + 14. Let b(s) = -3*s**2 - 9*s - 7. Let p(m) = 3*m**2 + 8*m + 7. Let t(o) = 3*b(o) + 4*p(o). Let l(z) = 4*k(z) - 7*t(z). What is l(5)?
-13
Let y(x) be the first derivative of -x**5/60 - x**4/12 + x**3/3 - 3*x**2/2 - 4. Let s(u) be the second derivative of y(u). Give s(-3).
-1
Let y(z) = -z**3 + 3*z**2 - 2. Let o be y(2). Let g(a) = 0*a + 5*a - 3*a + a**o - 1. Let l be (-13)/5 - (-8)/(-20). Give g(l).
2
Let v = 0 - -3. Let x(f) = f**3 + 2*f**2 + 2*f + 1. Let l be x(-1). Let z(t) = l*t + v*t - t + 1. Give z(-4).
-7
Let b(t) = t + 1. Let g(j) = 2*j + 6. Let a(q) = 6*b(q) - g(q). Let i = -38 + 40. Determine a(i).
8
Let j(k) = -k**2 - 4*k - 3. Suppose z = -2*z + m - 15, -z = -2*m + 5. What is j(z)?
-8
Let r(x) be the third derivative of x**9/60480 - x**8/5040 + x**6/360 + 3*x**5/20 - 11*x**2. Let v(p) be the third derivative of r(p). Calculate v(3).
-7
Let c(q) = 4*q**3 + q**2 + 12*q - 4. Let a(d) = -d**3 + d**2 - d. Let x(y) = 5*a(y) + c(y). Calculate x(7).
-4
Suppose -5*d + 7*d + 14 = 0. Let m(r) = r + 5. Determine m(d).
-2
Let m(j) = 5*j**3 + j + 1. Let g(h) = h**3 + 6*h**2 - 2*h - 13. Let c be g(-6). Determine m(c).
-5
Let s(x) = -4*x**2 + 3*x - 2. Let v(m) = -5*m**2 + 4*m - 3. Let o(d) = -4*s(d) + 3*v(d). Let u = -1 + 1. What is o(u)?
-1
Suppose 5 = 3*o - 2*o + 4*v, -4*v = -8. Let h(a) = a**2 - 2*a. Give h(o).
15
Let u(z) = -8*z**3 + z**2 - 6*z - 6. Let v(m) = -8*m**3 + m**2 - 5*m - 5. Let o = 8 + -3. Suppose -4*j - 16